{"id":9986,"date":"2023-02-08T11:26:24","date_gmt":"2023-02-08T10:26:24","guid":{"rendered":"https:\/\/landesrat.hu\/event\/svabbal-2023\/"},"modified":"2023-02-08T16:17:34","modified_gmt":"2023-02-08T15:17:34","slug":"svabbal-2023","status":"publish","type":"tribe_events","link":"https:\/\/landesrat.hu\/de\/event\/svabbal-2023\/","title":{"rendered":"SV\u00c1BB\u00c1L 2023"},"content":{"rendered":"\r\n\r\n\r\n<p>\u00dajharty\u00e1n N\u00e9met Nemzetis\u00e9gi \u00d6nkorm\u00e1nyzata szeretettel megh\u00edvja \u00d6nt idei b\u00e1lj\u00e1ra 2023. febru\u00e1r 18-\u00e1n a V\u00e1nkos &amp; Eszc\u00e1jgba (2367 \u00dajharty\u00e1n, H\u0151s\u00f6k tere 4)<\/p>\r\n<p>Vend\u00e9gv\u00e1r\u00e1s 18 \u00f3r\u00e1t\u00f3l &#8211; \u00fcdv\u00f6zl\u0151 itallal<\/p>\r\n<p>Vacsora: 19 \u00f3r\u00e1t\u00f3l &#8211; frissens\u00fclt \u00e9s desszert<\/p>\r\n<p>Meglepet\u00e9s m\u0171sorral, tombol\u00e1val, \u00e9rt\u00e9kes nyerem\u00e9nyekkel<\/p>\r\n<p>B\u00e1li zene: Sv\u00e1b Parti Zenekar \u00dajharty\u00e1n<\/p>\r\n\r\n\r\n\r\n\r\n\r\n\r\n","protected":false},"excerpt":{"rendered":"<p>\u00dajharty\u00e1n N\u00e9met Nemzetis\u00e9gi \u00d6nkorm\u00e1nyzata szeretettel megh\u00edvja \u00d6nt idei b\u00e1lj\u00e1ra 2023. febru\u00e1r 18-\u00e1n a V\u00e1nkos &amp; Eszc\u00e1jgba (2367 \u00dajharty\u00e1n, H\u0151s\u00f6k tere 4) Vend\u00e9gv\u00e1r\u00e1s 18 \u00f3r\u00e1t\u00f3l &#8211; \u00fcdv\u00f6zl\u0151 itallal Vacsora: 19 \u00f3r\u00e1t\u00f3l [&hellip;]<\/p>\n","protected":false},"author":8,"featured_media":9973,"comment_status":"closed","ping_status":"closed","template":"","meta":{"_et_pb_use_builder":"","_et_pb_old_content":"","_et_gb_content_width":"","inline_featured_image":false,"_tribe_events_status":"","_tribe_events_status_reason":""},"tags":[],"tribe_events_cat":[135,136],"_links":{"self":[{"href":"https:\/\/landesrat.hu\/de\/wp-json\/wp\/v2\/tribe_events\/9986"}],"collection":[{"href":"https:\/\/landesrat.hu\/de\/wp-json\/wp\/v2\/tribe_events"}],"about":[{"href":"https:\/\/landesrat.hu\/de\/wp-json\/wp\/v2\/types\/tribe_events"}],"author":[{"embeddable":true,"href":"https:\/\/landesrat.hu\/de\/wp-json\/wp\/v2\/users\/8"}],"replies":[{"embeddable":true,"href":"https:\/\/landesrat.hu\/de\/wp-json\/wp\/v2\/comments?post=9986"}],"version-history":[{"count":3,"href":"https:\/\/landesrat.hu\/de\/wp-json\/wp\/v2\/tribe_events\/9986\/revisions"}],"predecessor-version":[{"id":10010,"href":"https:\/\/landesrat.hu\/de\/wp-json\/wp\/v2\/tribe_events\/9986\/revisions\/10010"}],"wp:featuredmedia":[{"embeddable":true,"href":"https:\/\/landesrat.hu\/de\/wp-json\/wp\/v2\/media\/9973"}],"wp:attachment":[{"href":"https:\/\/landesrat.hu\/de\/wp-json\/wp\/v2\/media?parent=9986"}],"wp:term":[{"taxonomy":"post_tag","embeddable":true,"href":"https:\/\/landesrat.hu\/de\/wp-json\/wp\/v2\/tags?post=9986"},{"taxonomy":"tribe_events_cat","embeddable":true,"href":"https:\/\/landesrat.hu\/de\/wp-json\/wp\/v2\/tribe_events_cat?post=9986"}],"curies":[{"name":"wp","href":"https:\/\/api.w.org\/{rel}","templated":true}]}}

SVÁBBÁL 2023

<p>Újhartyán Német Nemzetiségi Önkormányzata szeretettel meghívja Önt idei báljára 2023. február 18-án a Vánkos &amp; Eszcájgba (2367 Újhartyán, Hősök tere 4)</p>
<p>Vendégvárás 18 órától &#8211; üdvözlő itallal</p>
<p>Vacsora: 19 órától &#8211; frissensült és desszert</p>
<p>Meglepetés műsorral, tombolával, értékes nyereményekkel</p>
<p>Báli zene: Sváb Parti Zenekar Újhartyán</p>

<p>Újhartyán Német Nemzetiségi Önkormányzata szeretettel meghívja Önt idei báljára 2023. február 18-án a Vánkos &amp; Eszcájgba (2367 Újhartyán, Hősök tere 4) Vendégvárás 18 órától &#8211; üdvözlő itallal Vacsora: 19 órától [&hellip;]</p>
