{"id":9772,"date":"2023-01-24T19:13:27","date_gmt":"2023-01-24T18:13:27","guid":{"rendered":"https:\/\/landesrat.hu\/event\/farsangtemetes\/"},"modified":"2023-01-24T19:13:57","modified_gmt":"2023-01-24T18:13:57","slug":"farsangtemetes","status":"publish","type":"tribe_events","link":"https:\/\/landesrat.hu\/de\/event\/farsangtemetes\/","title":{"rendered":"Farsangtemet\u00e9s"},"content":{"rendered":"<p>2023.02.21 -\u00e9n ism\u00e9t megrendez\u00e9sre ker\u00fcl Solym\u00e1ron a Farsangtemet\u00e9s. A rendezv\u00e9ny 18.00-kor veszi kezdet\u00e9t. Azt est alatt k\u00f6zrem\u0171k\u00f6dik a Schaumarer Musikbr\u00fcder, illetve a Schaumarer Musikanten.<\/p>\n","protected":false},"excerpt":{"rendered":"<p>2023.02.21 -\u00e9n ism\u00e9t megrendez\u00e9sre ker\u00fcl Solym\u00e1ron a Farsangtemet\u00e9s. A rendezv\u00e9ny 18.00-kor veszi kezdet\u00e9t. Azt est alatt k\u00f6zrem\u0171k\u00f6dik a Schaumarer Musikbr\u00fcder, illetve a Schaumarer Musikanten.<\/p>\n","protected":false},"author":8,"featured_media":0,"comment_status":"closed","ping_status":"closed","template":"","meta":{"_et_pb_use_builder":"","_et_pb_old_content":"","_et_gb_content_width":"","inline_featured_image":false,"_tribe_events_status":"","_tribe_events_status_reason":""},"tags":[],"tribe_events_cat":[135,136],"_links":{"self":[{"href":"https:\/\/landesrat.hu\/de\/wp-json\/wp\/v2\/tribe_events\/9772"}],"collection":[{"href":"https:\/\/landesrat.hu\/de\/wp-json\/wp\/v2\/tribe_events"}],"about":[{"href":"https:\/\/landesrat.hu\/de\/wp-json\/wp\/v2\/types\/tribe_events"}],"author":[{"embeddable":true,"href":"https:\/\/landesrat.hu\/de\/wp-json\/wp\/v2\/users\/8"}],"replies":[{"embeddable":true,"href":"https:\/\/landesrat.hu\/de\/wp-json\/wp\/v2\/comments?post=9772"}],"version-history":[{"count":1,"href":"https:\/\/landesrat.hu\/de\/wp-json\/wp\/v2\/tribe_events\/9772\/revisions"}],"predecessor-version":[{"id":9773,"href":"https:\/\/landesrat.hu\/de\/wp-json\/wp\/v2\/tribe_events\/9772\/revisions\/9773"}],"wp:attachment":[{"href":"https:\/\/landesrat.hu\/de\/wp-json\/wp\/v2\/media?parent=9772"}],"wp:term":[{"taxonomy":"post_tag","embeddable":true,"href":"https:\/\/landesrat.hu\/de\/wp-json\/wp\/v2\/tags?post=9772"},{"taxonomy":"tribe_events_cat","embeddable":true,"href":"https:\/\/landesrat.hu\/de\/wp-json\/wp\/v2\/tribe_events_cat?post=9772"}],"curies":[{"name":"wp","href":"https:\/\/api.w.org\/{rel}","templated":true}]}}

Farsangtemetés

<p>2023.02.21 -én ismét megrendezésre kerül Solymáron a Farsangtemetés. A rendezvény 18.00-kor veszi kezdetét. Azt est alatt közreműködik a Schaumarer Musikbrüder, illetve a Schaumarer Musikanten.</p>
