{"id":9694,"date":"2023-01-08T15:35:24","date_gmt":"2023-01-08T14:35:24","guid":{"rendered":"https:\/\/landesrat.hu\/?post_type=tribe_events&#038;p=9694"},"modified":"2023-01-08T16:36:34","modified_gmt":"2023-01-08T15:36:34","slug":"neujahrskonzert-neujahrstanz-uj-evi-koncert-uj-evi-tanc","status":"publish","type":"tribe_events","link":"https:\/\/landesrat.hu\/de\/event\/neujahrskonzert-neujahrstanz-uj-evi-koncert-uj-evi-tanc\/","title":{"rendered":"Neujahrskonzert &#8211; Neujahrstanz"},"content":{"rendered":"<p>Am 15. J\u00e4nner erwarten wir alle rechtherzlich ab 16.00 Uhr im Kulturhaus von Dunaharaszti (2330 Dunaharaszti T\u00e1ncsics u.2.) zu unserer Veranstaltung Neujahrskonzert und Neujahrstanz<br \/>\nZu h\u00f6ren und zu sehen werden:<br \/>\nBlaskapelle Verein Junger Haraster Schwaben<br \/>\nDie Kinder- und Jugendtanzgruppe des Vereins Junger Haraster Schwaben<br \/>\nDer Blumenstrauss Chor<br \/>\nOperett Musical Voices sowie<br \/>\nAndrea \u00dajhelyi und Kriszti\u00e1n S\u00e1rk\u00e1ny<\/p>\n","protected":false},"excerpt":{"rendered":"<p>Am 15. J\u00e4nner erwarten wir alle rechtherzlich ab 16.00 Uhr im Kulturhaus von Dunaharaszti (2330 Dunaharaszti T\u00e1ncsics u.2.) zu unserer Veranstaltung Neujahrskonzert und Neujahrstanz Zu h\u00f6ren und zu sehen werden: [&hellip;]<\/p>\n","protected":false},"author":8,"featured_media":9690,"comment_status":"closed","ping_status":"closed","template":"","meta":{"_et_pb_use_builder":"","_et_pb_old_content":"","_et_gb_content_width":"","inline_featured_image":false,"_tribe_events_status":"","_tribe_events_status_reason":""},"tags":[],"tribe_events_cat":[135,136],"_links":{"self":[{"href":"https:\/\/landesrat.hu\/de\/wp-json\/wp\/v2\/tribe_events\/9694"}],"collection":[{"href":"https:\/\/landesrat.hu\/de\/wp-json\/wp\/v2\/tribe_events"}],"about":[{"href":"https:\/\/landesrat.hu\/de\/wp-json\/wp\/v2\/types\/tribe_events"}],"author":[{"embeddable":true,"href":"https:\/\/landesrat.hu\/de\/wp-json\/wp\/v2\/users\/8"}],"replies":[{"embeddable":true,"href":"https:\/\/landesrat.hu\/de\/wp-json\/wp\/v2\/comments?post=9694"}],"version-history":[{"count":2,"href":"https:\/\/landesrat.hu\/de\/wp-json\/wp\/v2\/tribe_events\/9694\/revisions"}],"predecessor-version":[{"id":9698,"href":"https:\/\/landesrat.hu\/de\/wp-json\/wp\/v2\/tribe_events\/9694\/revisions\/9698"}],"wp:featuredmedia":[{"embeddable":true,"href":"https:\/\/landesrat.hu\/de\/wp-json\/wp\/v2\/media\/9690"}],"wp:attachment":[{"href":"https:\/\/landesrat.hu\/de\/wp-json\/wp\/v2\/media?parent=9694"}],"wp:term":[{"taxonomy":"post_tag","embeddable":true,"href":"https:\/\/landesrat.hu\/de\/wp-json\/wp\/v2\/tags?post=9694"},{"taxonomy":"tribe_events_cat","embeddable":true,"href":"https:\/\/landesrat.hu\/de\/wp-json\/wp\/v2\/tribe_events_cat?post=9694"}],"curies":[{"name":"wp","href":"https:\/\/api.w.org\/{rel}","templated":true}]}}

<p>Am 15. Jänner erwarten wir alle rechtherzlich ab 16.00 Uhr im Kulturhaus von Dunaharaszti (2330 Dunaharaszti Táncsics u.2.) zu unserer Veranstaltung Neujahrskonzert und Neujahrstanz<br />
Zu hören und zu sehen werden:<br />
Blaskapelle Verein Junger Haraster Schwaben<br />
Die Kinder- und Jugendtanzgruppe des Vereins Junger Haraster Schwaben<br />
Der Blumenstrauss Chor<br />
Operett Musical Voices sowie<br />
Andrea Újhelyi und Krisztián Sárkány</p>

<p>Am 15. Jänner erwarten wir alle rechtherzlich ab 16.00 Uhr im Kulturhaus von Dunaharaszti (2330 Dunaharaszti Táncsics u.2.) zu unserer Veranstaltung Neujahrskonzert und Neujahrstanz Zu hören und zu sehen werden: [&hellip;]</p>
