{"id":8879,"date":"2022-10-07T11:27:47","date_gmt":"2022-10-07T09:27:47","guid":{"rendered":"https:\/\/landesrat.hu\/event\/branauer-schwabenball-2023-baranya-megyei-svabbal-2023\/"},"modified":"2023-01-08T16:06:27","modified_gmt":"2023-01-08T15:06:27","slug":"branauer-schwabenball-2023-baranya-megyei-svabbal-2023","status":"publish","type":"tribe_events","link":"https:\/\/landesrat.hu\/de\/event\/branauer-schwabenball-2023-baranya-megyei-svabbal-2023\/","title":{"rendered":"Branauer Schwabenball 2023"},"content":{"rendered":"<p>Hagyom\u00e1nyos Baranya megyei sv\u00e1bb\u00e1l, f\u00fav\u00f3szen\u00e9vel, kultur\u00e1lis m\u0171sorral.<br \/>\nVacsora, tombola, b\u00fcf\u00e9.<br \/>\nZen\u00e9l az Unterrock zenekar.<\/p>\n","protected":false},"excerpt":{"rendered":"<p>Hagyom\u00e1nyos Baranya megyei sv\u00e1bb\u00e1l, f\u00fav\u00f3szen\u00e9vel, kultur\u00e1lis m\u0171sorral. Vacsora, tombola, b\u00fcf\u00e9. Zen\u00e9l az Unterrock zenekar.<\/p>\n","protected":false},"author":8,"featured_media":9744,"comment_status":"closed","ping_status":"closed","template":"","meta":{"_et_pb_use_builder":"","_et_pb_old_content":"","_et_gb_content_width":"","inline_featured_image":false,"_tribe_events_status":"","_tribe_events_status_reason":""},"tags":[],"tribe_events_cat":[135,136],"_links":{"self":[{"href":"https:\/\/landesrat.hu\/de\/wp-json\/wp\/v2\/tribe_events\/8879"}],"collection":[{"href":"https:\/\/landesrat.hu\/de\/wp-json\/wp\/v2\/tribe_events"}],"about":[{"href":"https:\/\/landesrat.hu\/de\/wp-json\/wp\/v2\/types\/tribe_events"}],"author":[{"embeddable":true,"href":"https:\/\/landesrat.hu\/de\/wp-json\/wp\/v2\/users\/8"}],"replies":[{"embeddable":true,"href":"https:\/\/landesrat.hu\/de\/wp-json\/wp\/v2\/comments?post=8879"}],"version-history":[{"count":1,"href":"https:\/\/landesrat.hu\/de\/wp-json\/wp\/v2\/tribe_events\/8879\/revisions"}],"predecessor-version":[{"id":9707,"href":"https:\/\/landesrat.hu\/de\/wp-json\/wp\/v2\/tribe_events\/8879\/revisions\/9707"}],"wp:featuredmedia":[{"embeddable":true,"href":"https:\/\/landesrat.hu\/de\/wp-json\/wp\/v2\/media\/9744"}],"wp:attachment":[{"href":"https:\/\/landesrat.hu\/de\/wp-json\/wp\/v2\/media?parent=8879"}],"wp:term":[{"taxonomy":"post_tag","embeddable":true,"href":"https:\/\/landesrat.hu\/de\/wp-json\/wp\/v2\/tags?post=8879"},{"taxonomy":"tribe_events_cat","embeddable":true,"href":"https:\/\/landesrat.hu\/de\/wp-json\/wp\/v2\/tribe_events_cat?post=8879"}],"curies":[{"name":"wp","href":"https:\/\/api.w.org\/{rel}","templated":true}]}}

<p>Hagyományos Baranya megyei svábbál, fúvószenével, kulturális műsorral.<br />
Vacsora, tombola, büfé.<br />
Zenél az Unterrock zenekar.</p>

<p>Hagyományos Baranya megyei svábbál, fúvószenével, kulturális műsorral. Vacsora, tombola, büfé. Zenél az Unterrock zenekar.</p>
