{"id":6797,"date":"2021-09-21T08:45:37","date_gmt":"2021-09-21T06:45:37","guid":{"rendered":"https:\/\/landesrat.hu\/event\/xix-landestreffen-der-musiker-mit-alten-instrumenten\/"},"modified":"2023-05-13T15:26:00","modified_gmt":"2023-05-13T13:26:00","slug":"xix-landestreffen-der-musiker-mit-alten-instrumenten","status":"publish","type":"tribe_events","link":"https:\/\/landesrat.hu\/de\/event\/xix-landestreffen-der-musiker-mit-alten-instrumenten\/","title":{"rendered":"19. Landestreffen der Musiker mit alten Instrumenten"},"content":{"rendered":"<p>XIX. Landestreffen der Musiker, die die typisch ungarndeutschen Instrumente ert\u00f6nen lassen k\u00f6nnen, um ihr Wissen kennenzulernen und zu bewahren.\u00a0<\/p>\n<div class=\"x11i5rnm xat24cr x1mh8g0r x1vvkbs xtlvy1s x126k92a\">\n<div dir=\"auto\">19. Landestreffen der Musiker mit traditionellen Instrumenten <span class=\"x3nfvp2 x1j61x8r x1fcty0u xdj266r xhhsvwb xat24cr xgzva0m xxymvpz xlup9mm x1kky2od\"><img loading=\"lazy\" decoding=\"async\" src=\"https:\/\/static.xx.fbcdn.net\/images\/emoji.php\/v9\/t78\/1.5\/16\/1f3b6.png\" alt=\"\ud83c\udfb6\" width=\"16\" height=\"16\" \/><\/span><span class=\"x3nfvp2 x1j61x8r x1fcty0u xdj266r xhhsvwb xat24cr xgzva0m xxymvpz xlup9mm x1kky2od\"><img loading=\"lazy\" decoding=\"async\" src=\"https:\/\/static.xx.fbcdn.net\/images\/emoji.php\/v9\/t30\/1.5\/16\/1fa97.png\" alt=\"\ud83e\ude97\" width=\"16\" height=\"16\" \/><\/span><span class=\"x3nfvp2 x1j61x8r x1fcty0u xdj266r xhhsvwb xat24cr xgzva0m xxymvpz xlup9mm x1kky2od\"><img loading=\"lazy\" decoding=\"async\" src=\"https:\/\/static.xx.fbcdn.net\/images\/emoji.php\/v9\/t23\/1.5\/16\/1f3ba.png\" alt=\"\ud83c\udfba\" width=\"16\" height=\"16\" \/><\/span><\/div>\n<\/div>\n<div class=\"x11i5rnm xat24cr x1mh8g0r x1vvkbs xtlvy1s x126k92a\">\n<div dir=\"auto\">Die Anmeldefrist f\u00fcr das Landestreffen der Musiker mit traditionellen Instrumenten ist abgelaufen.<\/div>\n<div dir=\"auto\">Ort und Zeitpunkt des Galavorstellung:<\/div>\n<\/div>\n<div class=\"x11i5rnm xat24cr x1mh8g0r x1vvkbs xtlvy1s x126k92a\">\n<div dir=\"auto\">Tarianer Kulturhaus &#8211; R\u00e1k\u00f3czi \u00fat 32, 2831Tarj\u00e1n<\/div>\n<div dir=\"auto\">20. Mai 2023 (Samstag), 17 Uhr<\/div>\n<\/div>\n<div class=\"x11i5rnm xat24cr x1mh8g0r x1vvkbs xtlvy1s x126k92a\">\n<div dir=\"auto\">Wir erwarten alle mitwirkenden Musiker, ihre lieben Angeh\u00f6rigen sowie alle Interessenten herzlichst zu der Gala! <span class=\"x3nfvp2 x1j61x8r x1fcty0u xdj266r xhhsvwb xat24cr xgzva0m xxymvpz xlup9mm x1kky2od\"><img loading=\"lazy\" decoding=\"async\" src=\"https:\/\/static.xx.fbcdn.net\/images\/emoji.php\/v9\/t72\/1.5\/16\/2763.png\" alt=\"\u2763\ufe0f\" width=\"16\" height=\"16\" \/><\/span><\/div>\n<\/div>\n","protected":false},"excerpt":{"rendered":"<p>XIX. Landestreffen der Musiker, die die typisch ungarndeutschen Instrumente ert\u00f6nen lassen k\u00f6nnen, um ihr Wissen kennenzulernen und zu bewahren.\u00a0 19. Landestreffen der Musiker mit traditionellen Instrumenten Die Anmeldefrist f\u00fcr das [&hellip;]<\/p>\n","protected":false},"author":7,"featured_media":11192,"comment_status":"closed","ping_status":"closed","template":"","meta":{"_et_pb_use_builder":"","_et_pb_old_content":"","_et_gb_content_width":"","inline_featured_image":false,"_tribe_events_status":"","_tribe_events_status_reason":""},"tags":[],"tribe_events_cat":[134,135,137],"_links":{"self":[{"href":"https:\/\/landesrat.hu\/de\/wp-json\/wp\/v2\/tribe_events\/6797"}],"collection":[{"href":"https:\/\/landesrat.hu\/de\/wp-json\/wp\/v2\/tribe_events"}],"about":[{"href":"https:\/\/landesrat.hu\/de\/wp-json\/wp\/v2\/types\/tribe_events"}],"author":[{"embeddable":true,"href":"https:\/\/landesrat.hu\/de\/wp-json\/wp\/v2\/users\/7"}],"replies":[{"embeddable":true,"href":"https:\/\/landesrat.hu\/de\/wp-json\/wp\/v2\/comments?post=6797"}],"version-history":[{"count":2,"href":"https:\/\/landesrat.hu\/de\/wp-json\/wp\/v2\/tribe_events\/6797\/revisions"}],"predecessor-version":[{"id":11374,"href":"https:\/\/landesrat.hu\/de\/wp-json\/wp\/v2\/tribe_events\/6797\/revisions\/11374"}],"wp:featuredmedia":[{"embeddable":true,"href":"https:\/\/landesrat.hu\/de\/wp-json\/wp\/v2\/media\/11192"}],"wp:attachment":[{"href":"https:\/\/landesrat.hu\/de\/wp-json\/wp\/v2\/media?parent=6797"}],"wp:term":[{"taxonomy":"post_tag","embeddable":true,"href":"https:\/\/landesrat.hu\/de\/wp-json\/wp\/v2\/tags?post=6797"},{"taxonomy":"tribe_events_cat","embeddable":true,"href":"https:\/\/landesrat.hu\/de\/wp-json\/wp\/v2\/tribe_events_cat?post=6797"}],"curies":[{"name":"wp","href":"https:\/\/api.w.org\/{rel}","templated":true}]}}

<p>XIX. Landestreffen der Musiker, die die typisch ungarndeutschen Instrumente ertönen lassen können, um ihr Wissen kennenzulernen und zu bewahren. </p>
<div class="x11i5rnm xat24cr x1mh8g0r x1vvkbs xtlvy1s x126k92a">
<div dir="auto">19. Landestreffen der Musiker mit traditionellen Instrumenten <span class="x3nfvp2 x1j61x8r x1fcty0u xdj266r xhhsvwb xat24cr xgzva0m xxymvpz xlup9mm x1kky2od"><img loading="lazy" decoding="async" src="https://static.xx.fbcdn.net/images/emoji.php/v9/t78/1.5/16/1f3b6.png" alt="🎶" width="16" height="16" /></span><span class="x3nfvp2 x1j61x8r x1fcty0u xdj266r xhhsvwb xat24cr xgzva0m xxymvpz xlup9mm x1kky2od"><img loading="lazy" decoding="async" src="https://static.xx.fbcdn.net/images/emoji.php/v9/t30/1.5/16/1fa97.png" alt="🪗" width="16" height="16" /></span><span class="x3nfvp2 x1j61x8r x1fcty0u xdj266r xhhsvwb xat24cr xgzva0m xxymvpz xlup9mm x1kky2od"><img loading="lazy" decoding="async" src="https://static.xx.fbcdn.net/images/emoji.php/v9/t23/1.5/16/1f3ba.png" alt="🎺" width="16" height="16" /></span></div>
</div>
<div class="x11i5rnm xat24cr x1mh8g0r x1vvkbs xtlvy1s x126k92a">
<div dir="auto">Die Anmeldefrist für das Landestreffen der Musiker mit traditionellen Instrumenten ist abgelaufen.</div>
<div dir="auto">Ort und Zeitpunkt des Galavorstellung:</div>
</div>
<div class="x11i5rnm xat24cr x1mh8g0r x1vvkbs xtlvy1s x126k92a">
<div dir="auto">Tarianer Kulturhaus &#8211; Rákóczi út 32, 2831Tarján</div>
<div dir="auto">20. Mai 2023 (Samstag), 17 Uhr</div>
</div>
<div class="x11i5rnm xat24cr x1mh8g0r x1vvkbs xtlvy1s x126k92a">
<div dir="auto">Wir erwarten alle mitwirkenden Musiker, ihre lieben Angehörigen sowie alle Interessenten herzlichst zu der Gala! <span class="x3nfvp2 x1j61x8r x1fcty0u xdj266r xhhsvwb xat24cr xgzva0m xxymvpz xlup9mm x1kky2od"><img loading="lazy" decoding="async" src="https://static.xx.fbcdn.net/images/emoji.php/v9/t72/1.5/16/2763.png" alt="❣️" width="16" height="16" /></span></div>
</div>

<p>XIX. Landestreffen der Musiker, die die typisch ungarndeutschen Instrumente ertönen lassen können, um ihr Wissen kennenzulernen und zu bewahren.  19. Landestreffen der Musiker mit traditionellen Instrumenten Die Anmeldefrist für das [&hellip;]</p>
