{"id":11869,"date":"2023-07-20T10:32:02","date_gmt":"2023-07-20T08:32:02","guid":{"rendered":"https:\/\/landesrat.hu\/event\/xv-schwabenfest\/"},"modified":"2023-07-20T10:32:27","modified_gmt":"2023-07-20T08:32:27","slug":"xv-schwabenfest","status":"publish","type":"tribe_events","link":"https:\/\/landesrat.hu\/de\/event\/xv-schwabenfest\/","title":{"rendered":"XV. Schwabenfest"},"content":{"rendered":"<p>Id\u00e9n XV. alkalommal ker\u00fcl megrendez\u00e9sre a V\u00f6r\u00f6sv\u00e1ri Napok keretein bel\u00fcl a Pilisv\u00f6r\u00f6sv\u00e1ri N\u00e9met Nemzetis\u00e9gi T\u00e1ncegy\u00fcttes m\u00e1r hagyom\u00e1nny\u00e1 v\u00e1lt rendezv\u00e9nye Pilisv\u00f6r\u00f6sv\u00e1ron, a Kacsa-t\u00f3n\u00e1l l\u00e9v\u0151 rendezv\u00e9nys\u00e1torba. Az idei m\u0171sorunkat a Pilisv\u00f6r\u00f6sv\u00e1ri N\u00e9met Nemzetis\u00e9gi T\u00e1ncegy\u00fcttes csoportjai mellett megh\u00edvott vend\u00e9geink, a N\u00e9metk\u00e9ri N\u00e9met Nemzetis\u00e9gi T\u00e1nccsoport \u00e9s a Sankt Martin N\u00e9met Nemzetis\u00e9gi T\u00e1nccsoport Szigetszentm\u00e1rtonr\u00f3l fogj\u00e1k sz\u00ednes\u00edteni.<br \/>\nBel\u00e9p\u00e9s a rendezv\u00e9ny\u00fcnkre INGYENES!<br \/>\nMindenkit sok szeretettel v\u00e1runk!<\/p>\n","protected":false},"excerpt":{"rendered":"<p>Id\u00e9n XV. alkalommal ker\u00fcl megrendez\u00e9sre a V\u00f6r\u00f6sv\u00e1ri Napok keretein bel\u00fcl a Pilisv\u00f6r\u00f6sv\u00e1ri N\u00e9met Nemzetis\u00e9gi T\u00e1ncegy\u00fcttes m\u00e1r hagyom\u00e1nny\u00e1 v\u00e1lt rendezv\u00e9nye Pilisv\u00f6r\u00f6sv\u00e1ron, a Kacsa-t\u00f3n\u00e1l l\u00e9v\u0151 rendezv\u00e9nys\u00e1torba. Az idei m\u0171sorunkat a Pilisv\u00f6r\u00f6sv\u00e1ri N\u00e9met [&hellip;]<\/p>\n","protected":false},"author":8,"featured_media":11864,"comment_status":"closed","ping_status":"closed","template":"","meta":{"_et_pb_use_builder":"","_et_pb_old_content":"","_et_gb_content_width":"","inline_featured_image":false,"_tribe_events_status":"","_tribe_events_status_reason":""},"tags":[],"tribe_events_cat":[135,136,133],"_links":{"self":[{"href":"https:\/\/landesrat.hu\/de\/wp-json\/wp\/v2\/tribe_events\/11869"}],"collection":[{"href":"https:\/\/landesrat.hu\/de\/wp-json\/wp\/v2\/tribe_events"}],"about":[{"href":"https:\/\/landesrat.hu\/de\/wp-json\/wp\/v2\/types\/tribe_events"}],"author":[{"embeddable":true,"href":"https:\/\/landesrat.hu\/de\/wp-json\/wp\/v2\/users\/8"}],"replies":[{"embeddable":true,"href":"https:\/\/landesrat.hu\/de\/wp-json\/wp\/v2\/comments?post=11869"}],"version-history":[{"count":1,"href":"https:\/\/landesrat.hu\/de\/wp-json\/wp\/v2\/tribe_events\/11869\/revisions"}],"predecessor-version":[{"id":11870,"href":"https:\/\/landesrat.hu\/de\/wp-json\/wp\/v2\/tribe_events\/11869\/revisions\/11870"}],"wp:featuredmedia":[{"embeddable":true,"href":"https:\/\/landesrat.hu\/de\/wp-json\/wp\/v2\/media\/11864"}],"wp:attachment":[{"href":"https:\/\/landesrat.hu\/de\/wp-json\/wp\/v2\/media?parent=11869"}],"wp:term":[{"taxonomy":"post_tag","embeddable":true,"href":"https:\/\/landesrat.hu\/de\/wp-json\/wp\/v2\/tags?post=11869"},{"taxonomy":"tribe_events_cat","embeddable":true,"href":"https:\/\/landesrat.hu\/de\/wp-json\/wp\/v2\/tribe_events_cat?post=11869"}],"curies":[{"name":"wp","href":"https:\/\/api.w.org\/{rel}","templated":true}]}}

<p>Idén XV. alkalommal kerül megrendezésre a Vörösvári Napok keretein belül a Pilisvörösvári Német Nemzetiségi Táncegyüttes már hagyománnyá vált rendezvénye Pilisvörösváron, a Kacsa-tónál lévő rendezvénysátorba. Az idei műsorunkat a Pilisvörösvári Német Nemzetiségi Táncegyüttes csoportjai mellett meghívott vendégeink, a Németkéri Német Nemzetiségi Tánccsoport és a Sankt Martin Német Nemzetiségi Tánccsoport Szigetszentmártonról fogják színesíteni.<br />
Belépés a rendezvényünkre INGYENES!<br />
Mindenkit sok szeretettel várunk!</p>

<p>Idén XV. alkalommal kerül megrendezésre a Vörösvári Napok keretein belül a Pilisvörösvári Német Nemzetiségi Táncegyüttes már hagyománnyá vált rendezvénye Pilisvörösváron, a Kacsa-tónál lévő rendezvénysátorba. Az idei műsorunkat a Pilisvörösvári Német [&hellip;]</p>
