{"id":11089,"date":"2023-04-21T18:20:10","date_gmt":"2023-04-21T16:20:10","guid":{"rendered":"https:\/\/landesrat.hu\/event\/blasmusikfest-in-turwall\/"},"modified":"2023-04-21T18:20:10","modified_gmt":"2023-04-21T16:20:10","slug":"blasmusikfest-in-turwall","status":"publish","type":"tribe_events","link":"https:\/\/landesrat.hu\/de\/event\/blasmusikfest-in-turwall\/","title":{"rendered":"Blasmusikfest in Turwall"},"content":{"rendered":"<p>A Turwaller Musikfreunde Egyes\u00fclet id\u00e9n is megszervezi tavaszi f\u00fav\u00f3sfesztiv\u00e1lj\u00e1t, a Blasmusikfestet 2023. m\u00e1jus 27-\u00e9n este 20 \u00f3r\u00e1t\u00f3l a biatorb\u00e1gyi Juh\u00e1sz Ferenc M\u0171vel\u0151d\u00e9si K\u00f6zpontban (2051 Biatorb\u00e1gy, Baross G\u00e1bor utca 1.)<br \/>\nAz este folyam\u00e1n megismerhetj\u00fck a tarj\u00e1ni Echo Kapelle-t, majd a sv\u00e1b b\u00e1lok hangulat\u00e1t a Szomorer Jungs biztos\u00edtja. A b\u00fcf\u00e9ben csapolt s\u00f6r \u00e9s egy\u00e9b finoms\u00e1gok v\u00e1s\u00e1rolhat\u00f3ak.<\/p>\n","protected":false},"excerpt":{"rendered":"<p>A Turwaller Musikfreunde Egyes\u00fclet id\u00e9n is megszervezi tavaszi f\u00fav\u00f3sfesztiv\u00e1lj\u00e1t, a Blasmusikfestet 2023. m\u00e1jus 27-\u00e9n este 20 \u00f3r\u00e1t\u00f3l a biatorb\u00e1gyi Juh\u00e1sz Ferenc M\u0171vel\u0151d\u00e9si K\u00f6zpontban (2051 Biatorb\u00e1gy, Baross G\u00e1bor utca 1.) Az [&hellip;]<\/p>\n","protected":false},"author":8,"featured_media":10835,"comment_status":"closed","ping_status":"closed","template":"","meta":{"_et_pb_use_builder":"","_et_pb_old_content":"","_et_gb_content_width":"","inline_featured_image":false,"_tribe_events_status":"","_tribe_events_status_reason":""},"tags":[],"tribe_events_cat":[135,136],"_links":{"self":[{"href":"https:\/\/landesrat.hu\/de\/wp-json\/wp\/v2\/tribe_events\/11089"}],"collection":[{"href":"https:\/\/landesrat.hu\/de\/wp-json\/wp\/v2\/tribe_events"}],"about":[{"href":"https:\/\/landesrat.hu\/de\/wp-json\/wp\/v2\/types\/tribe_events"}],"author":[{"embeddable":true,"href":"https:\/\/landesrat.hu\/de\/wp-json\/wp\/v2\/users\/8"}],"replies":[{"embeddable":true,"href":"https:\/\/landesrat.hu\/de\/wp-json\/wp\/v2\/comments?post=11089"}],"version-history":[{"count":0,"href":"https:\/\/landesrat.hu\/de\/wp-json\/wp\/v2\/tribe_events\/11089\/revisions"}],"wp:featuredmedia":[{"embeddable":true,"href":"https:\/\/landesrat.hu\/de\/wp-json\/wp\/v2\/media\/10835"}],"wp:attachment":[{"href":"https:\/\/landesrat.hu\/de\/wp-json\/wp\/v2\/media?parent=11089"}],"wp:term":[{"taxonomy":"post_tag","embeddable":true,"href":"https:\/\/landesrat.hu\/de\/wp-json\/wp\/v2\/tags?post=11089"},{"taxonomy":"tribe_events_cat","embeddable":true,"href":"https:\/\/landesrat.hu\/de\/wp-json\/wp\/v2\/tribe_events_cat?post=11089"}],"curies":[{"name":"wp","href":"https:\/\/api.w.org\/{rel}","templated":true}]}}

<p>A Turwaller Musikfreunde Egyesület idén is megszervezi tavaszi fúvósfesztiválját, a Blasmusikfestet 2023. május 27-én este 20 órától a biatorbágyi Juhász Ferenc Művelődési Központban (2051 Biatorbágy, Baross Gábor utca 1.)<br />
Az este folyamán megismerhetjük a tarjáni Echo Kapelle-t, majd a sváb bálok hangulatát a Szomorer Jungs biztosítja. A büfében csapolt sör és egyéb finomságok vásárolhatóak.</p>

<p>A Turwaller Musikfreunde Egyesület idén is megszervezi tavaszi fúvósfesztiválját, a Blasmusikfestet 2023. május 27-én este 20 órától a biatorbágyi Juhász Ferenc Művelődési Központban (2051 Biatorbágy, Baross Gábor utca 1.) Az [&hellip;]</p>
