{"id":10763,"date":"2023-04-04T14:43:48","date_gmt":"2023-04-04T12:43:48","guid":{"rendered":"https:\/\/landesrat.hu\/event\/stefan-jaeger-a-svabok-festoje-az-alte-kameraden-blaskapelle-jubileumi-koncertje\/"},"modified":"2023-04-11T19:05:10","modified_gmt":"2023-04-11T17:05:10","slug":"stefan-jaeger-a-svabok-festoje-az-alte-kameraden-blaskapelle-jubileumi-koncertje","status":"publish","type":"tribe_events","link":"https:\/\/landesrat.hu\/de\/event\/stefan-jaeger-a-svabok-festoje-az-alte-kameraden-blaskapelle-jubileumi-koncertje\/","title":{"rendered":"Stefan J\u00e4ger, a sv\u00e1bok fest\u0151je az Alte Kameraden Blaskapelle jubileumi koncertje"},"content":{"rendered":"<p>Kedves \u00c9rdekl\u0151d\u0151k!<br \/>\nEz\u00faton szeretn\u00e9nk mindny\u00e1juk sz\u00edves figyelm\u00e9be aj\u00e1nlani az Alte Kameraden Blaskapelle Stefan J\u00e4ger, a sv\u00e1bok fest\u0151je c\u00edm\u0171 tematikus koncertj\u00e9t, mely a Nikolaus Lenau K\u00f6zm\u0171vel\u0151d\u00e9si Egyes\u00fclet szervez\u00e9s\u00e9ben, 2023. m\u00e1jus 13-\u00e1n ker\u00fcl bemutat\u00e1sra P\u00e9csett, a Kod\u00e1ly K\u00f6zpontban. A rendezv\u00e9ny f\u0151 t\u00e1mogat\u00f3i: Magyarorsz\u00e1gi N\u00e9metek Orsz\u00e1gos \u00d6nkorm\u00e1nyzata, P\u00e9csi N\u00e9met \u00d6nkorm\u00e1nyzat, P\u00e9cs Megyei Jog\u00fa V\u00e1ros \u00d6nkorm\u00e1nyzata, Zsolnay \u00d6r\u00f6ks\u00e9gkezel\u0151 Nkft., Kod\u00e1ly K\u00f6zpont.<br \/>\nTisztelt n\u00e9met \u00f6nkorm\u00e1nyzatok, egyes\u00fcletek!<br \/>\nMivel a rendezv\u00e9ny jellege, tartalma \u00f6sszhangban van a n\u00e9met \u00f6nkorm\u00e1nyzatok egyik legfontosabb, a nemzetis\u00e9gi identit\u00e1s meg\u0151rz\u00e9s\u00e9re, er\u0151s\u00edt\u00e9s\u00e9re vonatkoz\u00f3 c\u00e9lkit\u0171z\u00e9s\u00e9vel, valamint tematik\u00e1j\u00e1t illet\u0151en kapcsol\u00f3dik a Magyarorsz\u00e1gi N\u00e9metek Orsz\u00e1gos \u00d6nkorm\u00e1nyzata \u00e1ltal kezdem\u00e9nyezett, a n\u00e9metek Magyarorsz\u00e1gra betelep\u00fcl\u00e9s\u00e9nek 300. \u00e9vfordul\u00f3j\u00e1ra eml\u00e9kez\u0151 programsorozat\u00e1hoz, tisztelettel k\u00e9rj\u00fck \u00d6n\u00f6ket, hogy a lehet\u0151s\u00e9geikhez m\u00e9rten n\u00e9pszer\u0171s\u00edts\u00e9k a k\u00f6z\u00f6ss\u00e9g\u00fcnk tagjai k\u00f6r\u00e9ben a rendezv\u00e9ny\u00fcnket \u00e9s seg\u00edts\u00e9k el\u0151 azt, hogy min\u00e9l t\u00f6bben r\u00e9szesei lehessenek a koncert\u00e9lm\u00e9nynek. T\u00e1mogat\u00e1sukat el\u0151re is k\u00f6sz\u00f6nj\u00fck!<br \/>\nR\u00f6viden a koncertr\u0151l:<br \/>\nStefan J\u00e4ger (1877-1962) munk\u00e1ss\u00e1g\u00e1nak 90%-\u00e1t a magyarorsz\u00e1gi n\u00e9metek, a sv\u00e1b falvak \u00e9s emberek \u00e9let\u00e9nek meg\u00f6r\u00f6k\u00edt\u00e9se jellemzi, vagyis joggal nevezhetj\u00fck \u0151t a sv\u00e1bok fest\u0151j\u00e9nek.<br \/>\nA Magyar K\u00e9pz\u0151m\u0171v\u00e9szeti F\u0151iskol\u00e1n prof. Ball\u00f3 Ede \u00e9s Sz\u00e9kely Bertalan tan\u00edtv\u00e1nya volt. Tanulm\u00e1nyainak sikeres elv\u00e9gz\u00e9se ut\u00e1n k\u00fclf\u00f6ldi tanulm\u00e1nyutakra indult. Sok id\u0151t t\u00f6lt\u00f6tt B\u00e9csben, M\u00fcnchenben, Stuttgartban \u00e9s Velenc\u00e9ben. 1910-t\u0151l v\u00e9gleg letelepedett a b\u00e1n\u00e1ti Hatzfelden. Jelent\u0151s, k\u00e9s\u0151 impresszionista fest\u0151k\u00e9nt v\u00e1lt ismertt\u00e9.<br \/>\nLegismertebb m\u0171ve A n\u00e9metek betelep\u00fcl\u00e9se D\u00e9l-Magyarorsz\u00e1gra c\u00edm\u0171 h\u00e1romr\u00e9szes olajfestm\u00e9ny.<br \/>\nMunk\u00e1ss\u00e1g\u00e1nak egyik nagy \u00e9rdeme, hogy festm\u00e9nyei a m\u0171v\u00e9szi \u00e9rt\u00e9k mellett h\u00edven dokument\u00e1lj\u00e1k a korabeli sv\u00e1b k\u00f6z\u00f6ss\u00e9gek h\u00e9tk\u00f6znapjait, \u00fcnnepnapjait, \u00e9letk\u00f6r\u00fclm\u00e9nyeit \u00e9s nem utols\u00f3sorban n\u00e9pviselet\u00e9t.<br \/>\nA koncerten nagy m\u00e9ret\u0171 LED-falon ker\u00fclnek megjelen\u00edt\u00e9sre a fest\u0151 tematikusan v\u00e1logatott m\u0171vei, hagyom\u00e1nyos sv\u00e1b f\u00fav\u00f3szene k\u00eds\u00e9ret\u00e9ben. A festm\u00e9nyeket n\u00e9met \u00e9s magyar nyelven m\u0171sorvezet\u0151 ismerteti az egyes zenesz\u00e1mok k\u00f6z\u00f6tt.<br \/>\nAz el\u0151ad\u00e1son a n\u00e9z\u0151 id\u0151utaz\u00e1son vehet r\u00e9szt, melynek sor\u00e1n a m\u00falt sz\u00e1zad els\u0151 fel\u00e9ben \u00e9l\u0151 sv\u00e1b emberek h\u00e9tk\u00f6z- \u00e9s \u00fcnnepnapjaival ismerkedhet meg.<br \/>\nA rendezv\u00e9ny m\u00e1sodik r\u00e9szben a f\u00fav\u00f3szenekar el\u0151ad\u00e1sa a Kresz-T\u00f3th \u00e9nekdu\u00f3 k\u00f6zrem\u0171k\u00f6d\u00e9s\u00e9vel eg\u00e9sz\u00fcl ki.<br \/>\nA szervez\u0151k szeretettel v\u00e1rnak minden \u00e9rdekl\u0151d\u0151t!<br \/>\nJegy\u00e1rak: 4000 Ft, 3500 Ft<br \/>\nR\u00e9szletek a koncertb\u0151l:<br \/>\n\u2013 Einwanderung:<br \/>\n<a href=\"https:\/\/www.youtube.com\/watch?v=E9l-0CCszxs\">https:\/\/www.youtube.com\/watch?v=E9l-0CCszxs<\/a><br \/>\n\u2013 H\u00fchnerhof:<br \/>\n<a href=\"https:\/\/www.youtube.com\/watch?v=ibXBquOChVs\">https:\/\/www.youtube.com\/watch?v=ibXBquOChVs<\/a><br \/>\n\u2013 Sonntagnachmitag<br \/>\n<a href=\"https:\/\/youtu.be\/T8wOJC07cwE\">https:\/\/youtu.be\/T8wOJC07cwE<\/a><br \/>\n\u2013 Tanz Abend<br \/>\n<a href=\"https:\/\/youtu.be\/1XpqOw3-s-0\">https:\/\/youtu.be\/1XpqOw3-s-0<\/a><\/p>\n","protected":false},"excerpt":{"rendered":"<p>Kedves \u00c9rdekl\u0151d\u0151k! Ez\u00faton szeretn\u00e9nk mindny\u00e1juk sz\u00edves figyelm\u00e9be aj\u00e1nlani az Alte Kameraden Blaskapelle Stefan J\u00e4ger, a sv\u00e1bok fest\u0151je c\u00edm\u0171 tematikus koncertj\u00e9t, mely a Nikolaus Lenau K\u00f6zm\u0171vel\u0151d\u00e9si Egyes\u00fclet szervez\u00e9s\u00e9ben, 2023. m\u00e1jus 13-\u00e1n [&hellip;]<\/p>\n","protected":false},"author":8,"featured_media":10732,"comment_status":"closed","ping_status":"closed","template":"","meta":{"_et_pb_use_builder":"","_et_pb_old_content":"","_et_gb_content_width":"","inline_featured_image":false,"_tribe_events_status":"","_tribe_events_status_reason":""},"tags":[],"tribe_events_cat":[135,136],"_links":{"self":[{"href":"https:\/\/landesrat.hu\/de\/wp-json\/wp\/v2\/tribe_events\/10763"}],"collection":[{"href":"https:\/\/landesrat.hu\/de\/wp-json\/wp\/v2\/tribe_events"}],"about":[{"href":"https:\/\/landesrat.hu\/de\/wp-json\/wp\/v2\/types\/tribe_events"}],"author":[{"embeddable":true,"href":"https:\/\/landesrat.hu\/de\/wp-json\/wp\/v2\/users\/8"}],"replies":[{"embeddable":true,"href":"https:\/\/landesrat.hu\/de\/wp-json\/wp\/v2\/comments?post=10763"}],"version-history":[{"count":1,"href":"https:\/\/landesrat.hu\/de\/wp-json\/wp\/v2\/tribe_events\/10763\/revisions"}],"predecessor-version":[{"id":10767,"href":"https:\/\/landesrat.hu\/de\/wp-json\/wp\/v2\/tribe_events\/10763\/revisions\/10767"}],"wp:featuredmedia":[{"embeddable":true,"href":"https:\/\/landesrat.hu\/de\/wp-json\/wp\/v2\/media\/10732"}],"wp:attachment":[{"href":"https:\/\/landesrat.hu\/de\/wp-json\/wp\/v2\/media?parent=10763"}],"wp:term":[{"taxonomy":"post_tag","embeddable":true,"href":"https:\/\/landesrat.hu\/de\/wp-json\/wp\/v2\/tags?post=10763"},{"taxonomy":"tribe_events_cat","embeddable":true,"href":"https:\/\/landesrat.hu\/de\/wp-json\/wp\/v2\/tribe_events_cat?post=10763"}],"curies":[{"name":"wp","href":"https:\/\/api.w.org\/{rel}","templated":true}]}}

Stefan Jäger, a svábok festője az Alte Kameraden Blaskapelle jubileumi koncertje

<p>Kedves Érdeklődők!<br />
Ezúton szeretnénk mindnyájuk szíves figyelmébe ajánlani az Alte Kameraden Blaskapelle Stefan Jäger, a svábok festője című tematikus koncertjét, mely a Nikolaus Lenau Közművelődési Egyesület szervezésében, 2023. május 13-án kerül bemutatásra Pécsett, a Kodály Központban. A rendezvény fő támogatói: Magyarországi Németek Országos Önkormányzata, Pécsi Német Önkormányzat, Pécs Megyei Jogú Város Önkormányzata, Zsolnay Örökségkezelő Nkft., Kodály Központ.<br />
Tisztelt német önkormányzatok, egyesületek!<br />
Mivel a rendezvény jellege, tartalma összhangban van a német önkormányzatok egyik legfontosabb, a nemzetiségi identitás megőrzésére, erősítésére vonatkozó célkitűzésével, valamint tematikáját illetően kapcsolódik a Magyarországi Németek Országos Önkormányzata által kezdeményezett, a németek Magyarországra betelepülésének 300. évfordulójára emlékező programsorozatához, tisztelettel kérjük Önöket, hogy a lehetőségeikhez mérten népszerűsítsék a közösségünk tagjai körében a rendezvényünket és segítsék elő azt, hogy minél többen részesei lehessenek a koncertélménynek. Támogatásukat előre is köszönjük!<br />
Röviden a koncertről:<br />
Stefan Jäger (1877-1962) munkásságának 90%-át a magyarországi németek, a sváb falvak és emberek életének megörökítése jellemzi, vagyis joggal nevezhetjük őt a svábok festőjének.<br />
A Magyar Képzőművészeti Főiskolán prof. Balló Ede és Székely Bertalan tanítványa volt. Tanulmányainak sikeres elvégzése után külföldi tanulmányutakra indult. Sok időt töltött Bécsben, Münchenben, Stuttgartban és Velencében. 1910-től végleg letelepedett a bánáti Hatzfelden. Jelentős, késő impresszionista festőként vált ismertté.<br />
Legismertebb műve A németek betelepülése Dél-Magyarországra című háromrészes olajfestmény.<br />
Munkásságának egyik nagy érdeme, hogy festményei a művészi érték mellett híven dokumentálják a korabeli sváb közösségek hétköznapjait, ünnepnapjait, életkörülményeit és nem utolsósorban népviseletét.<br />
A koncerten nagy méretű LED-falon kerülnek megjelenítésre a festő tematikusan válogatott művei, hagyományos sváb fúvószene kíséretében. A festményeket német és magyar nyelven műsorvezető ismerteti az egyes zeneszámok között.<br />
Az előadáson a néző időutazáson vehet részt, melynek során a múlt század első felében élő sváb emberek hétköz- és ünnepnapjaival ismerkedhet meg.<br />
A rendezvény második részben a fúvószenekar előadása a Kresz-Tóth énekduó közreműködésével egészül ki.<br />
A szervezők szeretettel várnak minden érdeklődőt!<br />
Jegyárak: 4000 Ft, 3500 Ft<br />
Részletek a koncertből:<br />
– Einwanderung:<br />
<a href="https://www.youtube.com/watch?v=E9l-0CCszxs">https://www.youtube.com/watch?v=E9l-0CCszxs</a><br />
– Hühnerhof:<br />
<a href="https://www.youtube.com/watch?v=ibXBquOChVs">https://www.youtube.com/watch?v=ibXBquOChVs</a><br />
– Sonntagnachmitag<br />
<a href="https://youtu.be/T8wOJC07cwE">https://youtu.be/T8wOJC07cwE</a><br />
– Tanz Abend<br />
<a href="https://youtu.be/1XpqOw3-s-0">https://youtu.be/1XpqOw3-s-0</a></p>

<p>Kedves Érdeklődők! Ezúton szeretnénk mindnyájuk szíves figyelmébe ajánlani az Alte Kameraden Blaskapelle Stefan Jäger, a svábok festője című tematikus koncertjét, mely a Nikolaus Lenau Közművelődési Egyesület szervezésében, 2023. május 13-án [&hellip;]</p>
