{"id":10369,"date":"2023-02-28T20:19:39","date_gmt":"2023-02-28T19:19:39","guid":{"rendered":"https:\/\/landesrat.hu\/event\/osterfest-mit-blasmusik\/"},"modified":"2023-02-28T20:20:03","modified_gmt":"2023-02-28T19:20:03","slug":"osterfest-mit-blasmusik","status":"publish","type":"tribe_events","link":"https:\/\/landesrat.hu\/de\/event\/osterfest-mit-blasmusik\/","title":{"rendered":"Osterfest mit Blasmusik"},"content":{"rendered":"<p>A legjobb f\u00fav\u00f3szen\u00e9vel \u00fcnnepelni a H\u00fasv\u00e9tot!<br \/>\nA Turwaller Musikfreunde Egyes\u00fclet H\u00fasv\u00e9tvas\u00e1rnap 15 \u00f3rakor tartja h\u00fasv\u00e9ti polkad\u00e9lut\u00e1nj\u00e1t a biatorb\u00e1gyi Juh\u00e1sz Ferenc M\u0171vel\u0151d\u00e9si K\u00f6zpontban.<br \/>\nA SpeckBaum zenekar mellett vend\u00e9gk\u00e9nt fell\u00e9p a Die Eber Kapelle.<br \/>\nA b\u00fcf\u00e9ben csapolt s\u00f6r \u00e9s egy\u00e9b finoms\u00e1gok v\u00e1s\u00e1rolhat\u00f3ak.<\/p>\n","protected":false},"excerpt":{"rendered":"<p>A legjobb f\u00fav\u00f3szen\u00e9vel \u00fcnnepelni a H\u00fasv\u00e9tot! A Turwaller Musikfreunde Egyes\u00fclet H\u00fasv\u00e9tvas\u00e1rnap 15 \u00f3rakor tartja h\u00fasv\u00e9ti polkad\u00e9lut\u00e1nj\u00e1t a biatorb\u00e1gyi Juh\u00e1sz Ferenc M\u0171vel\u0151d\u00e9si K\u00f6zpontban. A SpeckBaum zenekar mellett vend\u00e9gk\u00e9nt fell\u00e9p a Die [&hellip;]<\/p>\n","protected":false},"author":8,"featured_media":10366,"comment_status":"closed","ping_status":"closed","template":"","meta":{"_et_pb_use_builder":"","_et_pb_old_content":"","_et_gb_content_width":"","inline_featured_image":false,"_tribe_events_status":"","_tribe_events_status_reason":""},"tags":[],"tribe_events_cat":[135,136],"_links":{"self":[{"href":"https:\/\/landesrat.hu\/de\/wp-json\/wp\/v2\/tribe_events\/10369"}],"collection":[{"href":"https:\/\/landesrat.hu\/de\/wp-json\/wp\/v2\/tribe_events"}],"about":[{"href":"https:\/\/landesrat.hu\/de\/wp-json\/wp\/v2\/types\/tribe_events"}],"author":[{"embeddable":true,"href":"https:\/\/landesrat.hu\/de\/wp-json\/wp\/v2\/users\/8"}],"replies":[{"embeddable":true,"href":"https:\/\/landesrat.hu\/de\/wp-json\/wp\/v2\/comments?post=10369"}],"version-history":[{"count":1,"href":"https:\/\/landesrat.hu\/de\/wp-json\/wp\/v2\/tribe_events\/10369\/revisions"}],"predecessor-version":[{"id":10370,"href":"https:\/\/landesrat.hu\/de\/wp-json\/wp\/v2\/tribe_events\/10369\/revisions\/10370"}],"wp:featuredmedia":[{"embeddable":true,"href":"https:\/\/landesrat.hu\/de\/wp-json\/wp\/v2\/media\/10366"}],"wp:attachment":[{"href":"https:\/\/landesrat.hu\/de\/wp-json\/wp\/v2\/media?parent=10369"}],"wp:term":[{"taxonomy":"post_tag","embeddable":true,"href":"https:\/\/landesrat.hu\/de\/wp-json\/wp\/v2\/tags?post=10369"},{"taxonomy":"tribe_events_cat","embeddable":true,"href":"https:\/\/landesrat.hu\/de\/wp-json\/wp\/v2\/tribe_events_cat?post=10369"}],"curies":[{"name":"wp","href":"https:\/\/api.w.org\/{rel}","templated":true}]}}

<p>A legjobb fúvószenével ünnepelni a Húsvétot!<br />
A Turwaller Musikfreunde Egyesület Húsvétvasárnap 15 órakor tartja húsvéti polkadélutánját a biatorbágyi Juhász Ferenc Művelődési Központban.<br />
A SpeckBaum zenekar mellett vendégként fellép a Die Eber Kapelle.<br />
A büfében csapolt sör és egyéb finomságok vásárolhatóak.</p>

<p>A legjobb fúvószenével ünnepelni a Húsvétot! A Turwaller Musikfreunde Egyesület Húsvétvasárnap 15 órakor tartja húsvéti polkadélutánját a biatorbágyi Juhász Ferenc Művelődési Központban. A SpeckBaum zenekar mellett vendégként fellép a Die [&hellip;]</p>
