{"id":10011,"date":"2023-02-08T12:08:53","date_gmt":"2023-02-08T11:08:53","guid":{"rendered":"https:\/\/landesrat.hu\/event\/svab-disznotor-2023\/"},"modified":"2023-02-08T16:23:34","modified_gmt":"2023-02-08T15:23:34","slug":"svab-disznotor-2023","status":"publish","type":"tribe_events","link":"https:\/\/landesrat.hu\/de\/event\/svab-disznotor-2023\/","title":{"rendered":"Farsangi Sv\u00e1b Diszn\u00f3tor Szederk\u00e9nyben"},"content":{"rendered":"\r\n\r\n\r\n<p>Farsangi diszn\u00f3tor \u00e9s kolb\u00e1szt\u00f6lt\u0151 verseny, harm\u00f3nikazen\u00e9vel, \u00e9s ny\u00fajtott h\u00e1zi r\u00e9tes k\u00e9sz\u00edt\u00e9ssel.<\/p>\r\n\r\n\r\n\r\n\r\n\r\n\r\n","protected":false},"excerpt":{"rendered":"<p>Farsangi diszn\u00f3tor \u00e9s kolb\u00e1szt\u00f6lt\u0151 verseny, harm\u00f3nikazen\u00e9vel, \u00e9s ny\u00fajtott h\u00e1zi r\u00e9tes k\u00e9sz\u00edt\u00e9ssel.<\/p>\n","protected":false},"author":8,"featured_media":9958,"comment_status":"closed","ping_status":"closed","template":"","meta":{"_et_pb_use_builder":"","_et_pb_old_content":"","_et_gb_content_width":"","inline_featured_image":false,"_tribe_events_status":"","_tribe_events_status_reason":""},"tags":[],"tribe_events_cat":[135,136],"_links":{"self":[{"href":"https:\/\/landesrat.hu\/de\/wp-json\/wp\/v2\/tribe_events\/10011"}],"collection":[{"href":"https:\/\/landesrat.hu\/de\/wp-json\/wp\/v2\/tribe_events"}],"about":[{"href":"https:\/\/landesrat.hu\/de\/wp-json\/wp\/v2\/types\/tribe_events"}],"author":[{"embeddable":true,"href":"https:\/\/landesrat.hu\/de\/wp-json\/wp\/v2\/users\/8"}],"replies":[{"embeddable":true,"href":"https:\/\/landesrat.hu\/de\/wp-json\/wp\/v2\/comments?post=10011"}],"version-history":[{"count":1,"href":"https:\/\/landesrat.hu\/de\/wp-json\/wp\/v2\/tribe_events\/10011\/revisions"}],"predecessor-version":[{"id":10012,"href":"https:\/\/landesrat.hu\/de\/wp-json\/wp\/v2\/tribe_events\/10011\/revisions\/10012"}],"wp:featuredmedia":[{"embeddable":true,"href":"https:\/\/landesrat.hu\/de\/wp-json\/wp\/v2\/media\/9958"}],"wp:attachment":[{"href":"https:\/\/landesrat.hu\/de\/wp-json\/wp\/v2\/media?parent=10011"}],"wp:term":[{"taxonomy":"post_tag","embeddable":true,"href":"https:\/\/landesrat.hu\/de\/wp-json\/wp\/v2\/tags?post=10011"},{"taxonomy":"tribe_events_cat","embeddable":true,"href":"https:\/\/landesrat.hu\/de\/wp-json\/wp\/v2\/tribe_events_cat?post=10011"}],"curies":[{"name":"wp","href":"https:\/\/api.w.org\/{rel}","templated":true}]}}

Farsangi Sváb Disznótor Szederkényben

<p>Farsangi disznótor és kolbásztöltő verseny, harmónikazenével, és nyújtott házi rétes készítéssel.</p>
